{"id":37,"date":"2014-05-02T13:32:37","date_gmt":"2013-02-22T10:55:43","guid":{"rendered":"http:\/\/web.llcomp.cz\/?page_id=37"},"modified":"2021-11-04T16:10:24","modified_gmt":"2021-11-04T15:10:24","slug":"dily-pro-hudebni-nastroje","status":"publish","type":"page","link":"https:\/\/web.llcomp.cz\/?page_id=37","title":{"rendered":"D\u00edly pro hudebn\u00ed n\u00e1stroje"},"content":{"rendered":"<h2><b>STOJAN NA VIOLONCELLO <\/b><\/h2>\n<p><a href=\"http:\/\/web.llcomp.cz\/wp-content\/uploads\/2014\/05\/Black_metal_stand.jpg\"><img loading=\"lazy\" decoding=\"async\" class=\"size-medium wp-image-678 alignleft\" src=\"http:\/\/web.llcomp.cz\/wp-content\/uploads\/2014\/05\/Black_metal_stand-240x300.jpg\" alt=\"\" width=\"240\" height=\"300\" srcset=\"https:\/\/web.llcomp.cz\/wp-content\/uploads\/2014\/05\/Black_metal_stand-240x300.jpg 240w, https:\/\/web.llcomp.cz\/wp-content\/uploads\/2014\/05\/Black_metal_stand-768x960.jpg 768w, https:\/\/web.llcomp.cz\/wp-content\/uploads\/2014\/05\/Black_metal_stand-819x1024.jpg 819w, https:\/\/web.llcomp.cz\/wp-content\/uploads\/2014\/05\/Black_metal_stand.jpg 1200w\" sizes=\"auto, (max-width: 240px) 100vw, 240px\" \/><\/a><\/p>\n<p>Nab\u00edz\u00edme V\u00e1m elegantn\u00ed a praktick\u00fd stojan na violoncello. Sv\u016fj n\u00e1stroj si odlo\u017e\u00edte bezpe\u010dn\u011b do stabiln\u00ed polohy. Smy\u010dec pov\u011bs\u00edte na vykl\u00e1p\u011bc\u00ed h\u00e1\u010dek. Z\u00edsk\u00e1te i zaj\u00edmav\u00fd dopln\u011bk pro V\u00e1\u0161 interi\u00e9r.<\/p>\n<p>Proveden\u00ed: a) kov se st\u0159\u00edbrnou povrchovou \u00fapravou se zlat\u00fdmi ozdobami<\/p>\n<p>Proveden\u00ed: b) kov s \u010dernou povrchovou \u00fapravou s d\u0159ev\u011bn\u00fdmi ozdobami<br \/>\nHmotnost: 6,5 kg<br \/>\nRozm\u011bry: v 98 x h 50 x \u0161 33 cm<\/p>\n<p>Cena bez dopravy a bez DPH: <b>2000 K\u010d<\/b><br \/>\nCena s 21% DPH: <b>2420 K\u010d<\/b><br \/>\nP\u0159i odb\u011bru od 5 do 10 ks sleva 5%, od 11 do 20 ks sleva 10%.<\/p>\n<h2><b>REZONAN\u010cN\u00cd BODEC NA VIOLONCELLO<br \/>\n<\/b><\/h2>\n<p>Ve spolupr\u00e1ci s \u010desk\u00fdmi housla\u0159i a violoncellisty jsme vyvinuli bodec z modern\u00edho materi\u00e1lu &#8211; uhl\u00edkov\u00e9ho vl\u00e1kna. Je stabiln\u00ed, elegantn\u00ed a jeho atypicky tvarovan\u00e1 nerezov\u00e1 \u0161pi\u010dka se d\u00e1 jednodu\u0161e vym\u011bnit. Bodec bez upevn\u011bn\u00ed v\u00e1\u017e\u00ed pouze 68 gram\u016f.<\/p>\n<p>Standardn\u00ed rozm\u011bry \u010depu:<br \/>\n26,0 \/ 28,3 mm<br \/>\n25,0 \/ 27,3 mm<br \/>\n24,0 \/ 26,3 mm<br \/>\n23,1 \/ 25,4 mm<\/p>\n<p>Cena bez dopravy a bez DPH: <b>1 680 K\u010d<\/b><br \/>\nCena s 21% DPH: 2033<b>\u00a0K\u010d<\/b><br \/>\nP\u0159i odb\u011bru od 10 do 29 ks sleva 20%, od 30 ks sleva 30%.<br \/>\nNa objedn\u00e1vku je mo\u017en\u00e9 dodat jednotliv\u00e9 d\u00edly.<\/p>\n<p>Viz tak\u00e9 <a href=\"https:\/\/www.endpin.eu\/index.php\/cs\/rezonancni-bodec-pro-violoncello-3\/\">www.endpin.eu<\/a><\/p>\n<h2><b>REZONAN\u010cN\u00cd BODEC NA KONTRABAS<br \/>\n<\/b><\/h2>\n<div id=\"attachment_680\" style=\"width: 234px\" class=\"wp-caption alignleft\"><a href=\"http:\/\/web.llcomp.cz\/wp-content\/uploads\/2014\/05\/Bodec-bass_kopytko_vertikal-e1494847389319.jpg\"><img loading=\"lazy\" decoding=\"async\" aria-describedby=\"caption-attachment-680\" class=\"size-medium wp-image-680\" src=\"http:\/\/web.llcomp.cz\/wp-content\/uploads\/2014\/05\/Bodec-bass_kopytko_vertikal-224x300.jpg\" alt=\"\" width=\"224\" height=\"300\" \/><\/a><p id=\"caption-attachment-680\" class=\"wp-caption-text\">Rezonan\u010dn\u00ed bodec na kontrabas z uhl\u00edkov\u00e9ho vl\u00e1kna<\/p><\/div>\n<p>Tento bodec je stabiln\u00ed, elegantn\u00ed a lehk\u00fd. Je mo\u017eno ho pou\u017e\u00edvat jak s dod\u00e1van\u00fdm pry\u017eov\u00fdm kop\u00fdtkem, tak s nerezovou \u0161pi\u010dkou, kter\u00e1 se V\u00e1m objev\u00ed jednodu\u0161e od\u0161roubov\u00e1n\u00edm tohoto pry\u017eov\u00e9ho kop\u00fdtka.<\/p>\n<p>\u010cep odpov\u00edd\u00e1 v\u00fdstru\u017en\u00edku dod\u00e1van\u00e9ho firmou Dictum.<\/p>\n<p>Standardn\u00ed rozm\u011br \u010depu: 29 \/ 32 mm<br \/>\nD\u00e9lka ku\u017eelu: 50 mm<br \/>\nD\u00e9lka v\u010detn\u011b upevn\u011bn\u00ed: 90 mm<br \/>\nCelkov\u00e1 d\u00e9lka bodce: 460 mm<br \/>\nNa p\u0159\u00e1n\u00ed z\u00e1kazn\u00edka m\u016f\u017eeme vyrobit i jin\u00e9 rozm\u011bry.<\/p>\n<p>Ceny bez dopravy a bez DPH: <b>1 680 K\u010d<\/b><br \/>\nCena s 21% DPH: <b>2033 K\u010d<\/b><br \/>\nNa objedn\u00e1vku je mo\u017en\u00e9 dodat jednotliv\u00e9 d\u00edly.<\/p>\n<h2><b>LANKO NA KONTRABAS<br \/>\n<\/b><\/h2>\n<p><b>\u010c\u00e1sti:<\/b><br \/>\n&#8211; ocelov\u00e9 lanko<br \/>\n&#8211; kovov\u00e1 trubi\u010dka<br \/>\n&#8211; 3 \u0161roubky na imbus \u010d. 2<\/p>\n<p><b>N\u00e1vod k pou\u017eit\u00ed:<\/b><br \/>\nUchopte trubi\u010dku, jeden konec lanka vsu\u0148te cca 10 cm, za\u010d\u00e1tek druh\u00e9ho konce lanka nasu\u0148te z druh\u00e9 strany trubi\u010dky. Doporu\u010dujeme, aby otvory v trubi\u010dce byly v\u017edy kolmo k prota-hovan\u00fdm lank\u016fm. Pak vezm\u011bte za oba konce dr\u00e1tku a trubi\u010dku p\u0159et\u00e1hn\u011bte doprost\u0159ed.<br \/>\nD\u00e9lku kruhu lze pak utahovat i roztahovat ta\u017een\u00edm za oba konce dr\u00e1tku. Nakonec do otvor\u016f na\u0161roubujte \u0161roubky imbusem \u010d. 2.<\/p>\n<p>Cena bez dopravy a bez DPH: <b>50,00 K\u010d<\/b><br \/>\nCena s 21% DPH: <b>60,50 K\u010d<\/b><br \/>\nP\u0159i odb\u011bru nad 10 ks poskytujeme 10% slevu.<\/p>\n<p>Na\u0161e dal\u0161\u00ed v\u00fdrobky (LED lampi\u010dku na noty, rezonan\u010dn\u00ed bodec pro violoncello s d\u00edrami, kole\u010dko na kontrabas) pro hudebn\u00edky naleznete zde, v\u00a0<a href=\"http:\/\/web.llcomp.cz\/wp-content\/uploads\/2013\/02\/katalog_pro_hudebn\u00edky.pdf\">katalogu_pro_hudebn\u00edky<\/a>.<\/p>\n<hr \/>\n<p>\u00a92012 &#8211; &#8230; LL spol. s r.o., <a href=\"mailto:webmaster@llcomp.cz\">webmaster@llcomp.cz<\/a><\/p>\n","protected":false},"excerpt":{"rendered":"<p>STOJAN NA VIOLONCELLO Nab\u00edz\u00edme V\u00e1m elegantn\u00ed a praktick\u00fd stojan na violoncello. Sv\u016fj n\u00e1stroj si odlo\u017e\u00edte bezpe\u010dn\u011b do stabiln\u00ed polohy. Smy\u010dec pov\u011bs\u00edte na vykl\u00e1p\u011bc\u00ed h\u00e1\u010dek. Z\u00edsk\u00e1te i zaj\u00edmav\u00fd dopln\u011bk pro V\u00e1\u0161 interi\u00e9r. Proveden\u00ed: a) kov se st\u0159\u00edbrnou povrchovou \u00fapravou se zlat\u00fdmi &hellip; <a href=\"https:\/\/web.llcomp.cz\/?page_id=37\">Read more <span class=\"meta-nav\">&raquo;<\/span><\/a><\/p>\n","protected":false},"author":1,"featured_media":0,"parent":30,"menu_order":3,"comment_status":"open","ping_status":"closed","template":"","meta":{"footnotes":""},"class_list":["post-37","page","type-page","status-publish","hentry"],"_links":{"self":[{"href":"https:\/\/web.llcomp.cz\/index.php?rest_route=\/wp\/v2\/pages\/37","targetHints":{"allow":["GET"]}}],"collection":[{"href":"https:\/\/web.llcomp.cz\/index.php?rest_route=\/wp\/v2\/pages"}],"about":[{"href":"https:\/\/web.llcomp.cz\/index.php?rest_route=\/wp\/v2\/types\/page"}],"author":[{"embeddable":true,"href":"https:\/\/web.llcomp.cz\/index.php?rest_route=\/wp\/v2\/users\/1"}],"replies":[{"embeddable":true,"href":"https:\/\/web.llcomp.cz\/index.php?rest_route=%2Fwp%2Fv2%2Fcomments&post=37"}],"version-history":[{"count":10,"href":"https:\/\/web.llcomp.cz\/index.php?rest_route=\/wp\/v2\/pages\/37\/revisions"}],"predecessor-version":[{"id":946,"href":"https:\/\/web.llcomp.cz\/index.php?rest_route=\/wp\/v2\/pages\/37\/revisions\/946"}],"up":[{"embeddable":true,"href":"https:\/\/web.llcomp.cz\/index.php?rest_route=\/wp\/v2\/pages\/30"}],"wp:attachment":[{"href":"https:\/\/web.llcomp.cz\/index.php?rest_route=%2Fwp%2Fv2%2Fmedia&parent=37"}],"curies":[{"name":"wp","href":"https:\/\/api.w.org\/{rel}","templated":true}]}}

Díly pro hudební nástroje

<h2><b>STOJAN NA VIOLONCELLO </b></h2>
<p><a href="http://web.llcomp.cz/wp-content/uploads/2014/05/Black_metal_stand.jpg"><img loading="lazy" decoding="async" class="size-medium wp-image-678 alignleft" src="http://web.llcomp.cz/wp-content/uploads/2014/05/Black_metal_stand-240x300.jpg" alt="" width="240" height="300" srcset="https://web.llcomp.cz/wp-content/uploads/2014/05/Black_metal_stand-240x300.jpg 240w, https://web.llcomp.cz/wp-content/uploads/2014/05/Black_metal_stand-768x960.jpg 768w, https://web.llcomp.cz/wp-content/uploads/2014/05/Black_metal_stand-819x1024.jpg 819w, https://web.llcomp.cz/wp-content/uploads/2014/05/Black_metal_stand.jpg 1200w" sizes="auto, (max-width: 240px) 100vw, 240px" /></a></p>
<p>Nabízíme Vám elegantní a praktický stojan na violoncello. Svůj nástroj si odložíte bezpečně do stabilní polohy. Smyčec pověsíte na vyklápěcí háček. Získáte i zajímavý doplněk pro Váš interiér.</p>
<p>Provedení: a) kov se stříbrnou povrchovou úpravou se zlatými ozdobami</p>
<p>Provedení: b) kov s černou povrchovou úpravou s dřevěnými ozdobami<br />
Hmotnost: 6,5 kg<br />
Rozměry: v 98 x h 50 x š 33 cm</p>
<p>Cena bez dopravy a bez DPH: <b>2000 Kč</b><br />
Cena s 21% DPH: <b>2420 Kč</b><br />
Při odběru od 5 do 10 ks sleva 5%, od 11 do 20 ks sleva 10%.</p>
<h2><b>REZONANČNÍ BODEC NA VIOLONCELLO<br />
</b></h2>
<p>Ve spolupráci s českými houslaři a violoncellisty jsme vyvinuli bodec z moderního materiálu &#8211; uhlíkového vlákna. Je stabilní, elegantní a jeho atypicky tvarovaná nerezová špička se dá jednoduše vyměnit. Bodec bez upevnění váží pouze 68 gramů.</p>
<p>Standardní rozměry čepu:<br />
26,0 / 28,3 mm<br />
25,0 / 27,3 mm<br />
24,0 / 26,3 mm<br />
23,1 / 25,4 mm</p>
<p>Cena bez dopravy a bez DPH: <b>1 680 Kč</b><br />
Cena s 21% DPH: 2033<b> Kč</b><br />
Při odběru od 10 do 29 ks sleva 20%, od 30 ks sleva 30%.<br />
Na objednávku je možné dodat jednotlivé díly.</p>
<p>Viz také <a href="https://www.endpin.eu/index.php/cs/rezonancni-bodec-pro-violoncello-3/">www.endpin.eu</a></p>
<h2><b>REZONANČNÍ BODEC NA KONTRABAS<br />
</b></h2>
<div id="attachment_680" style="width: 234px" class="wp-caption alignleft"><a href="http://web.llcomp.cz/wp-content/uploads/2014/05/Bodec-bass_kopytko_vertikal-e1494847389319.jpg"><img loading="lazy" decoding="async" aria-describedby="caption-attachment-680" class="size-medium wp-image-680" src="http://web.llcomp.cz/wp-content/uploads/2014/05/Bodec-bass_kopytko_vertikal-224x300.jpg" alt="" width="224" height="300" /></a><p id="caption-attachment-680" class="wp-caption-text">Rezonanční bodec na kontrabas z uhlíkového vlákna</p></div>
<p>Tento bodec je stabilní, elegantní a lehký. Je možno ho používat jak s dodávaným pryžovým kopýtkem, tak s nerezovou špičkou, která se Vám objeví jednoduše odšroubováním tohoto pryžového kopýtka.</p>
<p>Čep odpovídá výstružníku dodávaného firmou Dictum.</p>
<p>Standardní rozměr čepu: 29 / 32 mm<br />
Délka kuželu: 50 mm<br />
Délka včetně upevnění: 90 mm<br />
Celková délka bodce: 460 mm<br />
Na přání zákazníka můžeme vyrobit i jiné rozměry.</p>
<p>Ceny bez dopravy a bez DPH: <b>1 680 Kč</b><br />
Cena s 21% DPH: <b>2033 Kč</b><br />
Na objednávku je možné dodat jednotlivé díly.</p>
<h2><b>LANKO NA KONTRABAS<br />
</b></h2>
<p><b>Části:</b><br />
&#8211; ocelové lanko<br />
&#8211; kovová trubička<br />
&#8211; 3 šroubky na imbus č. 2</p>
<p><b>Návod k použití:</b><br />
Uchopte trubičku, jeden konec lanka vsuňte cca 10 cm, začátek druhého konce lanka nasuňte z druhé strany trubičky. Doporučujeme, aby otvory v trubičce byly vždy kolmo k prota-hovaným lankům. Pak vezměte za oba konce drátku a trubičku přetáhněte doprostřed.<br />
Délku kruhu lze pak utahovat i roztahovat tažením za oba konce drátku. Nakonec do otvorů našroubujte šroubky imbusem č. 2.</p>
<p>Cena bez dopravy a bez DPH: <b>50,00 Kč</b><br />
Cena s 21% DPH: <b>60,50 Kč</b><br />
Při odběru nad 10 ks poskytujeme 10% slevu.</p>
<p>Naše další výrobky (LED lampičku na noty, rezonanční bodec pro violoncello s dírami, kolečko na kontrabas) pro hudebníky naleznete zde, v <a href="http://web.llcomp.cz/wp-content/uploads/2013/02/katalog_pro_hudebníky.pdf">katalogu_pro_hudebníky</a>.</p>
<hr />
<p>©2012 &#8211; &#8230; LL spol. s r.o., <a href="mailto:webmaster@llcomp.cz">webmaster@llcomp.cz</a></p>

<p>STOJAN NA VIOLONCELLO Nabízíme Vám elegantní a praktický stojan na violoncello. Svůj nástroj si odložíte bezpečně do stabilní polohy. Smyčec pověsíte na vyklápěcí háček. Získáte i zajímavý doplněk pro Váš interiér. Provedení: a) kov se stříbrnou povrchovou úpravou se zlatými &hellip; <a href="https://web.llcomp.cz/?page_id=37">Read more <span class="meta-nav">&raquo;</span></a></p>
