{"id":43,"date":"2013-02-22T11:58:11","date_gmt":"2013-02-22T10:58:11","guid":{"rendered":"http:\/\/web.llcomp.cz\/?page_id=43"},"modified":"2022-05-25T17:36:31","modified_gmt":"2022-05-25T15:36:31","slug":"zahradni-grily","status":"publish","type":"page","link":"https:\/\/web.llcomp.cz\/?page_id=43","title":{"rendered":"Zahradn\u00ed grily Naveneko"},"content":{"rendered":"<p>Dal\u0161\u00ed info a e-shop viz.: <a href=\"https:\/\/kovovyroba.llcomp.cz\">kovovyroba.llcomp.cz<\/a><\/p>\n<p>Let\u00e1k s n\u00e1zvem\u00a0<a href=\"http:\/\/web.llcomp.cz\/wp-content\/uploads\/2019\/05\/Grilujeme-na-kameni-3-1.pdf\">Grilujeme na kameni<\/a> s celou nab\u00eddkou gril\u016f je k nahl\u00e9dnut\u00ed a ke sta\u017een\u00ed <a href=\"http:\/\/web.llcomp.cz\/wp-content\/uploads\/2019\/05\/Grilujeme-na-kameni-3-1.pdf\">zde<\/a>.<\/p>\n<ul>\n<li><b>GRILL STONE &#8211; VELK\u00dd ZAHRADN\u00cd GRIL NAVENEKO<br \/>\n<\/b><\/li>\n<\/ul>\n<p><a href=\"http:\/\/web.llcomp.cz\/wp-content\/uploads\/2013\/02\/gril01.jpg\"><img loading=\"lazy\" decoding=\"async\" class=\"alignright size-full wp-image-700\" src=\"http:\/\/web.llcomp.cz\/wp-content\/uploads\/2013\/02\/gril01.jpg\" alt=\"\" width=\"180\" height=\"246\" \/><\/a>V\u00fdhody grilov\u00e1n\u00ed na kameni:<br \/>\n1) potraviny nep\u0159ich\u00e1zej\u00ed do styku s ohn\u011bm a nevznikaj\u00ed \u0161kodliv\u00e9 zplodiny z ho\u0159\u00edc\u00edho odkap\u00e1vaj\u00edc\u00edho tuku.<br \/>\n2) nepot\u0159ebujete jehly na napichov\u00e1n\u00ed a nehroz\u00ed propad\u00e1v\u00e1n\u00ed pokrm\u016f do ohn\u011b.<\/p>\n<p>Rozm\u011bry stoj\u00edc\u00edho grilu:<br \/>\n\u2022 v\u00fd\u0161ka 90 cm<br \/>\n\u2022 \u0161\u00ed\u0159ka 50 cm<br \/>\n\u2022 hloubka 50 cm<\/p>\n<p>Kamenn\u00e1 le\u0161t\u011bn\u00e1 deska s nezbytn\u00fdm op\u00e1s\u00e1n\u00edm (tj. v r\u00e1mu, aby se deska po pou\u017eit\u00ed nerozlomila):<br \/>\n\u2022 rozm\u011bry 40&#215;50 cm<br \/>\nCelkov\u00e1 hmotnost 45 kg<\/p>\n<p>Cena: 5000,- K\u010d (v\u010d. DPH)<\/p>\n<p><b>Grillstone &#8211; velk\u00fd zahradn\u00ed gril z masivn\u00ed oceli NAVENEKO.<\/b><br \/>\nKonstrukce je \u0159e\u0161ena tak, aby p\u0159i grilov\u00e1n\u00ed doch\u00e1zelo k co nejmen\u0161\u00edmu zne\u010di\u0161t\u011bn\u00ed okol\u00ed. Grilovac\u00ed plocha je ze t\u0159\u00ed stran chr\u00e1n\u011bna plechem tak, aby tuk neprskal do stran. Grilstone m\u00e1 nastaviteln\u00e9 nohy, pomoc\u00ed nich\u017e doporu\u010dujeme p\u0159i instalaci m\u00edrn\u011b sp\u00e1dovat grilovac\u00ed plochu sm\u011brem od obsluhy. Popeln\u00edk (ohni\u0161t\u011b) ze v\u0161ech stran o n\u011bkolik centimetr\u016f p\u0159esahuje grilovac\u00ed plochu, tud\u00ed\u017e lze odt\u00e9kaj\u00edc\u00ed tuk a dal\u0161\u00ed ne\u010distoty snadno nap\u0159. kovovou st\u011brkou z povrchu odstranit. Do ohni\u0161t\u011b lze p\u0159ikl\u00e1dat ze \u010dty\u0159 stran, ani\u017e by se musela odstra\u0148ovat kamenn\u00e1 deska. Ten, kdo se p\u0159esto nechce vzd\u00e1t grilov\u00e1n\u00ed na ro\u0161tu, m\u016f\u017ee tento ro\u0161t snadno vlo\u017eit m\u00edsto kamene. Grilstone lze rovn\u011b\u017e snadno upravit ke grilovan\u00ed na jehle (nap\u0159. ku\u0159at).<\/p>\n<ul>\n<li><b>GRILL STONE NA OHNI\u0160T\u011a NAVENEKO<br \/>\n<\/b><\/li>\n<\/ul>\n<p><a href=\"http:\/\/web.llcomp.cz\/wp-content\/uploads\/2013\/02\/gril02.jpg\"><img loading=\"lazy\" decoding=\"async\" class=\"alignright size-full wp-image-702\" src=\"http:\/\/web.llcomp.cz\/wp-content\/uploads\/2013\/02\/gril02.jpg\" alt=\"\" width=\"180\" height=\"144\" \/><\/a>Rozm\u011bry stoj\u00edc\u00edho grilu:<br \/>\n\u2022 v\u00fd\u0161ka 31 cm<br \/>\n\u2022 \u0161\u00ed\u0159ka 64 cm<br \/>\n\u2022 hloubka 41 cm<\/p>\n<p>Op\u00e1san\u00e1 kamenn\u00e1 le\u0161t\u011bn\u00e1 deska:<br \/>\n\u2022 rozm\u011bry 50 x 40 cm<br \/>\nHmotnost 21 kg<br \/>\nSkl\u00e1dac\u00ed podstavec<\/p>\n<p>Cena: 3 848,- K\u010d (v\u010d. DPH)<\/p>\n<p><b>Grilstone na ohni\u0161t\u011b NAVENEKO<\/b> \u2013 to je kamenn\u00e1 deska na n\u00edzk\u00fdch sklopn\u00fdch kovov\u00fdch noh\u00e1ch. Je ur\u010dena t\u011bm, kte\u0159\u00ed maj\u00ed r\u00e1di p\u0159\u00edrodn\u00ed ohni\u0161t\u011b.<\/p>\n<ul>\n<li><b>GRILOVAC\u00cd DESKA S \u00daCHYTY NAVENEKO<br \/>\n<\/b><\/li>\n<\/ul>\n<p><a href=\"http:\/\/web.llcomp.cz\/wp-content\/uploads\/2013\/02\/gril03.jpg\"><img loading=\"lazy\" decoding=\"async\" class=\"alignright size-full wp-image-703\" src=\"http:\/\/web.llcomp.cz\/wp-content\/uploads\/2013\/02\/gril03.jpg\" alt=\"\" width=\"180\" height=\"136\" \/><\/a>Rozm\u011bry:<br \/>\n\u2022 v\u00fd\u0161ka 9 cm (v\u010detn\u011b \u00fachyt\u016f)<br \/>\n\u2022 \u0161\u00ed\u0159ka 52 cm<br \/>\n\u2022 hloubka 42 cm<\/p>\n<p>Op\u00e1san\u00e1 kamenn\u00e1 (\u017eulov\u00e1) le\u0161t\u011bn\u00e1 deska:<br \/>\n\u2022 rozm\u011bry 50 x 40 cm<br \/>\nHmotnost 13 kg<\/p>\n<p>Cena: 2499,- K\u010d (v\u010d. DPH)<\/p>\n<p>Kamenn\u00e1 deska do st\u00e1vaj\u00edho krbu \u010di grilu.<\/p>\n<ul>\n<li><b>KULAT\u00dd K\u00c1MEN S \u00daCHYTY NA GRILOV\u00c1N\u00cd NEBO NA PIZZU NAVENEKO<br \/>\n<\/b><\/li>\n<\/ul>\n<p><a href=\"http:\/\/web.llcomp.cz\/wp-content\/uploads\/2019\/05\/pizza01.jpg\"><img loading=\"lazy\" decoding=\"async\" class=\"alignright size-medium wp-image-836\" src=\"http:\/\/web.llcomp.cz\/wp-content\/uploads\/2019\/05\/pizza01-300x250.jpg\" alt=\"Kulat\u00fd k\u00e1men serpentin na grilov\u00e1n\u00ed nebo na pe\u010den\u00ed pizzy\" width=\"300\" height=\"250\" srcset=\"https:\/\/web.llcomp.cz\/wp-content\/uploads\/2019\/05\/pizza01-300x250.jpg 300w, https:\/\/web.llcomp.cz\/wp-content\/uploads\/2019\/05\/pizza01-768x639.jpg 768w, https:\/\/web.llcomp.cz\/wp-content\/uploads\/2019\/05\/pizza01-1024x852.jpg 1024w, https:\/\/web.llcomp.cz\/wp-content\/uploads\/2019\/05\/pizza01.jpg 1130w\" sizes=\"auto, (max-width: 300px) 100vw, 300px\" \/><\/a>Rozm\u011bry:<br \/>\n\u2022 v\u00fd\u0161ka 6 cm (v\u010detn\u011b \u00fachyt\u016f)<br \/>\n\u2022 pr\u016fm\u011br 30 cm<\/p>\n<p>Op\u00e1san\u00e1 kruhov\u00e1 kamenn\u00e1 (serpentinov\u00e1) le\u0161t\u011bn\u00e1 deska:<br \/>\n\u2022 rozm\u011bry: d30 x 2 cm<br \/>\nHmotnost 13 kg<\/p>\n<p>Cena: 2 199,- K\u010d (v\u010d. DPH)<\/p>\n<p>Kamenn\u00e1 deska do st\u00e1vaj\u00edho krbu \u010di grilu nebo do trouby.<\/p>\n<hr \/>\n<p>\u00a9LL spol. s r.o., <a href=\"mailto:webmaster@llcomp.cz\">info@llcomp.cz<\/a><\/p>\n","protected":false},"excerpt":{"rendered":"<p>Dal\u0161\u00ed info a e-shop viz.: kovovyroba.llcomp.cz Let\u00e1k s n\u00e1zvem\u00a0Grilujeme na kameni s celou nab\u00eddkou gril\u016f je k nahl\u00e9dnut\u00ed a ke sta\u017een\u00ed zde. GRILL STONE &#8211; VELK\u00dd ZAHRADN\u00cd GRIL NAVENEKO V\u00fdhody grilov\u00e1n\u00ed na kameni: 1) potraviny nep\u0159ich\u00e1zej\u00ed do styku s ohn\u011bm &hellip; <a href=\"https:\/\/web.llcomp.cz\/?page_id=43\">Read more <span class=\"meta-nav\">&raquo;<\/span><\/a><\/p>\n","protected":false},"author":1,"featured_media":0,"parent":30,"menu_order":1,"comment_status":"open","ping_status":"closed","template":"","meta":{"footnotes":""},"class_list":["post-43","page","type-page","status-publish","hentry"],"_links":{"self":[{"href":"https:\/\/web.llcomp.cz\/index.php?rest_route=\/wp\/v2\/pages\/43","targetHints":{"allow":["GET"]}}],"collection":[{"href":"https:\/\/web.llcomp.cz\/index.php?rest_route=\/wp\/v2\/pages"}],"about":[{"href":"https:\/\/web.llcomp.cz\/index.php?rest_route=\/wp\/v2\/types\/page"}],"author":[{"embeddable":true,"href":"https:\/\/web.llcomp.cz\/index.php?rest_route=\/wp\/v2\/users\/1"}],"replies":[{"embeddable":true,"href":"https:\/\/web.llcomp.cz\/index.php?rest_route=%2Fwp%2Fv2%2Fcomments&post=43"}],"version-history":[{"count":19,"href":"https:\/\/web.llcomp.cz\/index.php?rest_route=\/wp\/v2\/pages\/43\/revisions"}],"predecessor-version":[{"id":955,"href":"https:\/\/web.llcomp.cz\/index.php?rest_route=\/wp\/v2\/pages\/43\/revisions\/955"}],"up":[{"embeddable":true,"href":"https:\/\/web.llcomp.cz\/index.php?rest_route=\/wp\/v2\/pages\/30"}],"wp:attachment":[{"href":"https:\/\/web.llcomp.cz\/index.php?rest_route=%2Fwp%2Fv2%2Fmedia&parent=43"}],"curies":[{"name":"wp","href":"https:\/\/api.w.org\/{rel}","templated":true}]}}